mon divisor of a and 9?
9
Suppose 8 = -3*b + 23. Let p = 6 - 6. Suppose p = -9*u + 4*u + 200. What is the highest common divisor of u and b?
5
Suppose 28 = -v + 5*v. Suppose -2 = 5*m - v. Suppose 5*h + 4*p + 9 = -m, 4*p = 2*h - 24. What is the highest common factor of h and 22?
2
Let a be 1 + -2 - (3 + -6). Suppose 3*p = -3*x + 228, 3*p - a*x - 2*x - 221 = 0. What is the greatest common factor of p and 25?
25
Let s = 2 - 0. Suppose 4*i = -4*y + s*y - 28, y - 4 = i. Let o = 14 + i. Calculate the highest common divisor of o and 12.
4
Suppose -10 = 5*d - 10*d. Suppose -25 = -7*b + d*b. Suppose -13 = -3*k + 47. What is the highest common divisor of b and k?
5
Let s be 2/(-8)*-165 - 60/(-80). What is the highest common factor of 147 and s?
21
Let n be (-174)/(-14) + (-54)/126. Let q = 20 - 2. Calculate the greatest common factor of q and n.
6
Let m = 55 - 39. Let n(d) = -3*d - 7. Let t be n(-5). What is the greatest common factor of m and t?
8
Let a be (-2 + (-1)/(-2))/(1/(-48)). Calculate the highest common factor of 9 and a.
9
Suppose -25*h = -29*h + 276. What is the highest common divisor of h and 23?
23
Suppose -61 = -5*m - 21. Let k be (-26)/(-6) + (-3)/9. Let j(t) = t**3 + t + 4. Let p be j(k). Calculate the highest common factor of p and m.
8
Suppose -3*c = -3*r + 21, 20 = -6*c + 2*c. Calculate the highest common divisor of 6 and r.
2
Let j be (-2 - -1)/(1/(-12)). Suppose m + 3*m = -3*f - 37, 0 = 4*f + 4*m + 44. Let u = f - -25. What is the highest common factor of j and u?
6
Let u be (0 + -1)/(3/27). Let r be (-52)/u + 4/18. What is the highest common factor of 30 and r?
6
Let i(a) = 5*a**2 - 3*a + 3. Let s be i(3). What is the highest common divisor of 13 and s?
13
Suppose m = 5*h + 65, 0 = -3*m - m - 3*h + 145. What is the greatest common divisor of 5 and m?
5
Let h be (18/(-21))/(-3)*7. Let t be -1 + 0/h - -55. What is the greatest common divisor of t and 6?
6
Suppose 0 = -2*b - 5*i + 17, 3*i - 35 = -5*b - 2*i. Calculate the highest common factor of 48 and b.
6
Let f = 0 + 0. Suppose 2*g - 2*n + 3*n - 6 = f, -2*n = g - 6. Suppose -55 = -g*r - 7. What is the greatest common divisor of 8 and r?
8
Let j = 17 + -4. Let k be (-2)/7 + 2920/28. Calculate the greatest common divisor of j and k.
13
Suppose d + 4*g + 20 = 0, 0 = -8*d + 4*d - 4*g - 32. Let s = 3 + 4. Let k = s + d. Calculate the greatest common factor of k and 1.
1
Let u be (-713)/(-6) + (-8)/(-48). What is the highest common divisor of u and 17?
17
Let f = 92 - 91. Calculate the greatest common factor of f and 12.
1
Suppose 7 = 5*f - t, 5*f - 2*t + 5 = 3*t. Let u = -9 - -27. What is the highest common divisor of f and u?
2
Let w = -1 - -1. Suppose w = -4*c + 3*c, 3*b + 3*c - 144 = 0. What is the greatest common divisor of 12 and b?
12
Suppose 5*q = 3*w + 34, -35 = w + 4*w - 4*q. Let u = 10 - w. What is the highest common divisor of u and 117?
13
Let w be (-8)/28 + 16/7. Let a be 4/(w/((-4)/(-2))). Let v be (-88)/(-33)*((-29)/(-2) + 2). Calculate the greatest common factor of v and a.
4
Suppose 3*t - 2*r + 60 = 0, 0*t - 2*t - 41 = -r. Let b be (t/(-6))/((-3)/(-27)). Suppose 2*v + v - b = 0. What is the highest common factor of 22 and v?
11
Let v be 6/9 + (-11)/3. Let c = 21 - v. Calculate the greatest common divisor of c and 16.
8
Let w = -1 - -111. Let v(a) = a**2 - 18*a - 30. Let y be v(20). Calculate the greatest common factor of w and y.
10
Let h(t) = -t**2 + 6*t - 2. Suppose 5*p - 8 = 12. Let g be h(p). Calculate the highest common divisor of 48 and g.
6
Suppose 4*y - n = -5*n + 12, 4*y + n - 24 = 0. Calculate the highest common divisor of 14 and y.
7
Let i be (-2 - (-4)/(-20) - -3)*60. Calculate the highest common factor of i and 24.
24
Suppose 0 = -2*r - 67 + 85. What is the highest common divisor of r and 1?
1
Suppose -2*m = 3*m - 210. Let c(g) = -g**3 + 8*g**2 - 11*g + 8. Let f be c(6). What is the highest common divisor of f and m?
14
Suppose 1 = 3*j - 8. Let n(a) = 2*a**2 - 3*a - 2. Let c be n(j). Suppose 4 = -4*y - 4*x, 7*y - 4*y - c = -x. What is the highest common factor of 32 and y?
4
Suppose -f - 4*f = -30. Calculate the highest common divisor of 18 and f.
6
Let n be -3 - (-3*3 + 2). Let i be 0/1 + 9*-10. Let g = 126 + i. Calculate the greatest common divisor of n and g.
4
Suppose -10 = 2*f - 4*f. Let m be (-164)/6 - (-10)/(-15). Let q = m + 53. Calculate the greatest common factor of f and q.
5
Suppose c - 7 = 4. What is the greatest common divisor of 44 and c?
11
Let p = -12 + 13. Let z(y) = -2*y + 7. Let n be z(3). Calculate the highest common factor of p and n.
1
Suppose 0 = 10*k - 8*k - 150. Calculate the highest common factor of k and 30.
15
Let w be (-234)/(-10)*(-20)/(-6). Suppose 3*p - 6*p = -w. Calculate the highest common divisor of 39 and p.
13
Suppose 5 = 3*r - 1. Suppose 0 = 3*m - 14 + r. Suppose -5*y = -y - m. What is the greatest common divisor of 1 and y?
1
Suppose 3*v - 8 = -v. Let o(x) = 7*x**v - 4 + 2*x + x**3 + 4*x - x. Let m be o(-5). What is the highest common divisor of m and 84?
21
Let h(g) = 3*g + 5. Let x be h(-8). Let c = -1 - x. Let y be (0 + 27)*12/2. What is the greatest common factor of y and c?
18
Suppose 0 = -4*r + l + 20, -2*l - l - 4 = 2*r. What is the greatest common divisor of r and 4?
4
Let w(j) = -j**3 - 15*j**2 - 13*j + 28. Let v be w(-14). Calculate the greatest common divisor of 28 and v.
14
Let w(h) = h**2 - h - 3. Let j be w(-3). Let a(r) = -r**3 - 7*r**2 - 9*r. Let i be a(-7). Calculate the greatest common divisor of j and i.
9
Let i = -3 + 7. Let p(o) = 4*o + 5. Let w(r) = -9*r - 11. Let f(j) = 7*p(j) + 3*w(j). Let m be f(i). What is the greatest common divisor of m and 6?
6
Let u be (-24)/9*(-12)/2. Let h = -13 + u. Let v be 3/(((-3)/(-5))/3). Calculate the greatest common divisor of v and h.
3
Let d be 10/(-45) - 328/(-18). Let m be (-3)/(-6) + d/4. Suppose m*b = 4*r + 15 + 42, 12 = b - r. Calculate the highest common factor of b and 63.
9
Suppose -3*w + 0*w + 15 = 0, -4*r + 465 = 5*w. Let o be (-7)/(-2)*80/(-28)*-1. What is the highest common divisor of o and r?
10
Let d be ((-5)/4)/(2/(-104)). Calculate the greatest common divisor of d and 26.
13
Suppose 4*h - 87 = h + 5*d, 0 = 5*h - 2*d - 164. What is the highest common divisor of 306 and h?
34
Let j be 0 - (-6454)/77 - (-2)/11. Calculate the greatest common factor of 42 and j.
42
Let w = 7 - -3. Calculate the greatest common factor of w and 110.
10
Let i(b) = b**3 - b**2 - b + 55. Let p = 12 + -12. Let l be i(p). What is the greatest common factor of 11 and l?
11
Let d(p) = p - 1. Let c be (-52)/(-14) + (-4)/(-14). Let y be d(c). Calculate the greatest common divisor of y and 1.
1
Suppose -16*q = -15*q - 28. Suppose 0*u = 2*p + u - 23, -u + 9 = p. Calculate the greatest common divisor of q and p.
14
Suppose 10 = 4*x - 10. Suppose -2*p - 3*p - 3*k = -163, 125 = 3*p - x*k. Let q = p + -17. What is the highest common divisor of 54 and q?
18
Let z = -4 + 11. Let h = z + -4. Let c = 55 - 22. What is the greatest common divisor of c and h?
3
Let c be 18/10*220/33. What is the highest common divisor of c and 3?
3
Let y = -68 - -32. Let l be (2/6)/((-2)/y). Calculate the greatest common factor of 15 and l.
3
Let q(d) = d**2 + 4*d - 3. Let z be q(-5). Suppose z*r = 3*r - 16. Let n(k) = -2*k - 6. Let f be n(-5). What is the highest common factor of r and f?
4
Let w(n) be the first derivative of -n**4/4 - n**3 + n**2 - 7*n - 5. Let y be w(-5). What is the highest common factor of 11 and y?
11
Suppose 250 = 4*p + 30. What is the greatest common divisor of p and 10?
5
Suppose 4*s = -l - 6, s = 5*l - l + 24. Let h = 10 + l. Calculate the greatest common factor of h and 28.
4
Let g = 80 + -76. Let k(z) = -z**2 - 11*z + 2. Let c be k(-9). What is the highest common divisor of g and c?
4
Let k be 3/(1/4*-6). Let b be (k/3)/(6/(-45)). What is the greatest common factor of b and 45?
5
Let v be 94/6 - 5/(-15). What is the greatest common factor of 24 and v?
8
Let p be (0 - -1) + (5 - 1). Suppose f - s - 167 = 0, -3*f + 0*s = p*s - 461. What is the highest common factor of 18 and f?
18
Let p = -8 - -11. Let k = 36 + -21. Calculate the greatest common divisor of k and p.
3
Let w(q) = q**2 - 1. Let l(x) = -x**2 + 4*x - 4. Let c(p) = l(p) + 2*w(p). Let v be c(-6). Let t = -11 - -15.